ctors of 869863.
869863
What are the prime factors of 5559562?
2, 2779781
What are the prime factors of 4200010?
2, 5, 420001
List the prime factors of 2386741.
7, 67, 727
List the prime factors of 4368676.
2, 13, 29, 2897
List the prime factors of 433394.
2, 13, 79, 211
List the prime factors of 18935812.
2, 7, 676279
List the prime factors of 145000.
2, 5, 29
List the prime factors of 219611.
7, 137, 229
What are the prime factors of 6669383?
7, 109, 8741
What are the prime factors of 2412129?
3, 804043
List the prime factors of 1546131.
3, 515377
List the prime factors of 236312.
2, 109, 271
What are the prime factors of 2241470?
2, 5, 7, 11, 41, 71
What are the prime factors of 776150?
2, 5, 19, 43
List the prime factors of 3970110.
2, 3, 5, 59, 2243
What are the prime factors of 92602?
2, 46301
List the prime factors of 14179049.
2251, 6299
List the prime factors of 1545140.
2, 5, 23, 3359
List the prime factors of 658392.
2, 3, 7, 3919
List the prime factors of 6470047.
17, 380591
What are the prime factors of 2896305?
3, 5, 293, 659
What are the prime factors of 1455818?
2, 7, 13, 19, 421
What are the prime factors of 189014?
2, 7, 23, 587
List the prime factors of 917976.
2, 3, 23, 1663
List the prime factors of 5743813.
23, 41, 6091
List the prime factors of 810152.
2, 7, 17, 23, 37
List the prime factors of 17568807.
3, 67, 87407
List the prime factors of 79721.
29, 2749
List the prime factors of 4145223.
3, 41, 67, 503
What are the prime factors of 392833?
7, 8017
What are the prime factors of 723917?
723917
List the prime factors of 611041.
23, 31, 857
What are the prime factors of 9360600?
2, 3, 5, 15601
List the prime factors of 9606208.
2, 150097
List the prime factors of 103985.
5, 7, 2971
List the prime factors of 2541894.
2, 3, 423649
What are the prime factors of 45781?
17, 2693
List the prime factors of 375740.
2, 5, 18787
List the prime factors of 226203.
3, 75401
List the prime factors of 1865070.
2, 3, 5, 17, 23, 53
What are the prime factors of 5522297?
11, 17, 29531
What are the prime factors of 6746411?
7, 487, 1979
What are the prime factors of 703482?
2, 3, 13, 29, 311
What are the prime factors of 6477709?
7, 925387
What are the prime factors of 28423029?
3, 9474343
List the prime factors of 198914.
2, 271, 367
What are the prime factors of 181786?
2, 11, 8263
List the prime factors of 4010643.
3, 7, 13, 59, 83
List the prime factors of 6886200.
2, 3, 5, 23, 499
What are the prime factors of 3479282?
2, 1739641
What are the prime factors of 285050?
2, 5, 5701
What are the prime factors of 991110?
2, 3, 5, 33037
What are the prime factors of 537998?
2, 268999
What are the prime factors of 363204?
2, 3, 19, 59
List the prime factors of 3834189.
3, 142007
What are the prime factors of 195277?
195277
What are the prime factors of 1929511?
127, 15193
List the prime factors of 12295736.
2, 19, 41, 1973
What are the prime factors of 1921249?
11, 174659
List the prime factors of 491245.
5, 19, 5171
What are the prime factors of 87356?
2, 21839
List the prime factors of 4820663.
4820663
List the prime factors of 215213.
19, 47, 241
What are the prime factors of 248023?
197, 1259
List the prime factors of 107570.
2, 5, 31, 347
What are the prime factors of 12265880?
2, 5, 11, 61, 457
List the prime factors of 327184.
2, 11, 13
List the prime factors of 1155937.
1155937
What are the prime factors of 67076?
2, 41, 409
List the prime factors of 40233.
3, 13411
What are the prime factors of 4401840?
2, 3, 5, 18341
What are the prime factors of 6039500?
2, 5, 47, 257
What are the prime factors of 276594?
2, 3, 46099
What are the prime factors of 3020?
2, 5, 151
List the prime factors of 250566.
2, 3, 41761
List the prime factors of 149482.
2, 31, 2411
What are the prime factors of 751573?
139, 5407
What are the prime factors of 335432?
2, 23, 1823
List the prime factors of 11917290.
2, 3, 5, 7, 11, 67
What are the prime factors of 14663385?
3, 5, 11, 2693
List the prime factors of 14608.
2, 11, 83
What are the prime factors of 348165?
3, 5, 2579
What are the prime factors of 1381742?
2, 690871
List the prime factors of 5271718.
2, 463, 5693
What are the prime factors of 226072?
2, 7, 11, 367
What are the prime factors of 5670566?
2, 11, 113, 2281
What are the prime factors of 238981?
353, 677
List the prime factors of 79440.
2, 3, 5, 331
What are the prime factors of 1310944?
2, 71, 577
List the prime factors of 18253256.
2, 7, 325951
What are the prime factors of 214154?
2, 107077
What are the prime factors of 184187?
184187
List the prime factors of 122025.
3, 5, 1627
What are the prime factors of 777951?
3, 28813
List the prime factors of 13144900.
2, 5, 131449
What are the prime factors of 843374?
2, 7, 107, 563
What are the prime factors of 2857476?
2, 3, 227, 1049
What are the prime factors of 4101558?
2, 3, 41, 16673
List the prime factors of 159271.
7, 61, 373
List the prime factors of 617375.
5, 11, 449
What are the prime factors of 29251901?
7, 41, 227, 449
What are the prime factors of 52427?
103, 509
What are the prime factors of 293340?
2, 3, 5, 4889
What are the prime factors of 234253?
433, 541
What are the prime factors of 2796448?
2, 31, 2819
What are the prime factors of 18852795?
3, 5, 13, 37, 67
List the prime factors of 4952791.
241, 20551
What are the prime factors of 173628?
2, 3, 7, 13, 53
List the prime factors of 572259.
3, 190753
What are the prime factors of 8767546?
2, 17, 257869
What are the prime factors of 33254002?
2, 53, 313717
List the prime factors of 851112.
2, 3, 11821
What are the prime factors of 260955?
3, 5, 1933
List the prime factors of 1654566.
2, 3, 29, 37, 257
What are the prime factors of 14016364?
2, 17, 206123
What are the prime factors of 11390192?
2, 11, 64717
List the prime factors of 442023.
3, 147341
What are the prime factors of 405963?
3, 43, 1049
What are the prime factors of 334263?
3, 67, 1663
List the prime factors of 7213116.
2, 3, 601093
List the prime factors of 272556.
2, 3, 67, 113
List the prime factors of 2769968.
2, 37, 4679
What are the prime factors of 172954?
2, 86477
List the prime factors of 155255.
5, 31051
List the prime factors of 515890.
2, 5, 23, 2243
List the prime factors of 127592.
2, 41, 389
What are the prime factors of 1298269?
7, 185467
List the prime factors of 16424.
2, 2053
List the prime factors of 444638.
2, 19, 11701
What are the prime factors of 4238568?
2, 3, 31, 211
What are the prime factors of 231310?
2, 5, 23131
What are the prime factors of 18127077?
3, 37, 163307
What are the prime factors of 3706466?
2, 569, 3257
What are the prime factors of 5636503?
17, 233, 1423
What are the prime factors of 16647698?
2, 8323849
What are the prime factors of 3724162?
2, 13, 227, 631
List the prime factors of 826817.
167, 4951
What are the prime factors of 5721448?
2, 73, 97, 101
What are the prime factors of 11449432?
2, 17, 29, 2903
List the prime factors of 288189.
3, 11, 41, 71
List the prime factors of 1257441.
3, 419147
What are the prime factors of 19865947?
31, 640837
List the prime factors of 105747.
3, 101, 349
List the prime factors of 376132.
2, 94033
What are the prime factors of 31946008?
2, 3993251
What are the prime factors of 263941?
263941
List the prime factors of 5020858.
2, 2510429
List the prime factors of 2093334.
2, 3, 348889
What are the prime factors of 436270?
2, 5, 43627
What are the prime factors of 3760814?
2, 73, 25759
What are the prime factors of 248017?
7, 11, 3221
What are the prime factors of 7275621?
3, 2425207
What are the prime factors of 10312325?
5, 412493
List the prime factors of 277574.
2, 11, 31, 37
What are the prime factors of 28759391?
28759391
What are the prime factors of 324992?
2, 2539
What are the prime factors of 248498?
2, 124249
What are the prime factors of 2249149?
7, 197, 233
What are the prime factors of 6092638?
2, 79, 38561
List the prime factors of 30261182.
2, 7, 2161513
What are the prime factors of 1146254?
2, 29, 19763
What are the prime factors of 1736521?
37, 46933
List the prime factors of 18762.
2, 3, 53, 59
List the prime factors of 552782.
2, 23, 61, 197
List the prime factors of 87859.
103, 853
What are the prime factors of 356193?
3, 19, 2083
What are the prime facto